ve k(8).
13
Let r(b) = -b**3 + 6*b**2 - 5*b + 9. What is r(5)?
9
Let b(c) = c**2 + 22*c - 202. What is b(-29)?
1
Let g(u) = -u**3 + 21*u**2 + 3*u - 62. Calculate g(21).
1
Let w(k) = k**2 - 2*k + 2. Give w(-6).
50
Let b(v) = 5*v + 24. What is b(8)?
64
Let a(b) = -3*b**3 - b**2 - 3*b + 5. Calculate a(2).
-29
Let x(k) = -k**3 - 6*k**2 + 7*k - 3. What is x(-7)?
-3
Let v(i) = -i**3 - 6*i**2 + 4*i - 1. Calculate v(-7).
20
Let f(n) = -3*n - 50. Determine f(11).
-83
Let j(o) = 2*o + 49. Calculate j(-29).
-9
Let p(h) = 9*h**3 + h**2 + 2*h + 1. Give p(-1).
-9
Let x(v) = 2*v**3 - 56*v**2 - 55*v - 56. Determine x(29).
31
Let c(d) = -d**2 - 10*d - 8. Give c(-8).
8
Let h(i) = -5*i**2 - 5*i - 4. Calculate h(-1).
-4
Let d(g) = 2*g**3 + 14*g**2 + 10*g + 17. Determine d(-6).
29
Let a(u) = u - 1. Calculate a(0).
-1
Let y(u) = u + 9. Calculate y(-10).
-1
Let c(p) = 5*p + 170. What is c(-26)?
40
Let f(g) = 2*g**2 - 18*g - 2. What is f(9)?
-2
Let n(l) = l**3 - 23*l**2 + 20*l + 32. Determine n(22).
-12
Let r(n) = 102*n**2 + 7*n - 8. Determine r(1).
101
Let z(n) = n**3 - 17*n**2 + 18*n - 16. What is z(16)?
16
Let v(x) = x + 13. What is v(-9)?
4
Let z(y) = 3*y - 12. Give z(-4).
-24
Let i(j) = -10*j + 291. Give i(29).
1
Let o(t) = -t**3 - 9*t**2 - 6*t + 7. Determine o(-7).
-49
Let m(h) = -h**3 + 7*h**2 - 3*h - 14. Give m(6).
4
Let f(k) = k**3 - 25*k**2 + 24*k - 3. Calculate f(24).
-3
Let h(z) = -16*z - 101. Determine h(-7).
11
Let w(v) = v**3 - v**2 - 30. What is w(0)?
-30
Let n(o) = -o**3 + 14*o**2 - 2*o + 37. Determine n(14).
9
Let d(q) = q**2 - 16. Calculate d(0).
-16
Let h(b) = -b**2 + 7*b - 5. Give h(8).
-13
Let m(k) = -k**2 - 16*k - 22. What is m(-14)?
6
Let l(s) = s**3 - 18*s**2 + 2*s - 5. Determine l(0).
-5
Let k(n) = n**3 - 10*n**2 + 7*n + 17. Give k(9).
-1
Let t(x) = -7*x + 7. Calculate t(3).
-14
Let p(u) = 3*u**2 - 55*u + 58. What is p(18)?
40
Let o(h) = 8*h + 142. Give o(-17).
6
Let c(s) = 15*s + 119. Give c(-7).
14
Let j(g) = g**2 - 7*g - 20. Determine j(9).
-2
Let h(g) = 8*g + 121. Calculate h(-16).
-7
Let u(k) = -k**3 - 18*k**2 + 17*k - 45. What is u(-19)?
-7
Let a(p) = p**3 + p + 33. What is a(0)?
33
Let q(j) = -j**2 - 7*j + 28. Give q(-10).
-2
Let m(b) = -b**2 - 12*b + 26. Calculate m(-15).
-19
Let m(t) = 2*t**2 + 5*t - 5. What is m(-5)?
20
Let h(a) = a**2 + 4*a - 1. Determine h(-5).
4
Let j(h) = 5*h - 13. Give j(0).
-13
Let h(f) = -7*f + 39. What is h(7)?
-10
Let p(o) = o**2 + o - 1. Give p(1).
1
Let k(r) = r - 7. Give k(5).
-2
Let o(h) = -h + 8. Calculate o(11).
-3
Let d(m) = m**2 - m + 9. Give d(-4).
29
Let l(n) = 6*n - 23. Determine l(10).
37
Let w(h) = -h**2 + 17*h - 14. What is w(20)?
-74
Let h(d) = 7*d + 93. What is h(-12)?
9
Let t(m) = -m - 29. What is t(0)?
-29
Let u(n) = n**3 + n + 9. What is u(0)?
9
Let w(n) = -n**3 - n**2 + n + 30. Calculate w(3).
-3
Let k(i) = i + 7. Give k(0).
7
Let u(z) = 2*z + 9. Determine u(17).
43
Let l(r) = -4*r**2 - 63*r + 85. Determine l(-17).
0
Let c(b) = b**3 + 45*b**2 + 6*b + 276. What is c(-45)?
6
Let r(f) = -5*f - 6. Give r(10).
-56
Let j(x) = x - 14. Give j(10).
-4
Let h(c) = -c**2 - 16*c - 67. Calculate h(-7).
-4
Let i(s) = -2*s**2 + 101*s + 59. Calculate i(51).
8
Let l(o) = o**2 + 7*o - 12. What is l(-9)?
6
Let d(o) = 3*o**2 + 25*o + 51. What is d(-7)?
23
Let g(c) = 3*c + 28. Give g(-6).
10
Let h(d) = -d**3 + 8*d**2 - 6*d - 5. Calculate h(7).
2
Let o(i) = 9*i + 21. What is o(6)?
75
Let y(d) = d**3 - 20*d**2 + 22*d - 23. What is y(19)?
34
Let b(g) = 22*g - 1. Give b(0).
-1
Let x(m) = -3*m**3 - 3*m**2 + 2*m + 2. Calculate x(-3).
50
Let l(r) = -r**3 + 3*r**2 + 6*r + 12. What is l(-4)?
100
Let z(j) = -j**3 - 7*j**2 - 6*j - 3. Give z(-5).
-23
Let w(a) = a + 9. Give w(-3).
6
Let t(p) = p**3 + 8*p**2 + 4. Calculate t(-8).
4
Let m(t) = -t - 3. Calculate m(-2).
-1
Let m(z) = -z**2 + 13*z + 91. Determine m(-5).
1
Let v(p) = -112*p**2 - 1. Give v(1).
-113
Let i(p) = -2*p + 21. Determine i(12).
-3
Let x(j) = j**2 + 13*j + 5. Calculate x(-10).
-25
Let j(z) = z**3 + 3*z**2 - 5*z - 10. Determine j(-4).
-6
Let i(m) = 76*m**2 - 3*m + 2. Give i(1).
75
Let u(r) = 4*r - 2. Determine u(1).
2
Let z(t) = 29*t - 14. Calculate z(8).
218
Let g(c) = c**3 + 12*c**2 + 3*c - 80. Determine g(-11).
8
Let l(q) = -q**3 + 2*q**2 - 4*q - 4. Determine l(3).
-25
Let q(u) = u**2 - 10*u + 10. Give q(2).
-6
Let o(i) = i - 5. Determine o(9).
4
Let a(n) = -n**2 + 11*n + 2. Determine a(7).
30
Let x(o) = -14*o + 2. Give x(9).
-124
Let v(h) = 2*h + 1. Determine v(-12).
-23
Let o(y) = y**2 - 36*y - 52. Give o(37).
-15
Let r(x) = x**3 - 17*x**2 + 4*x - 73. What is r(17)?
-5
Let c(r) = -2*r**2 - 12*r + 82. What is c(-10)?
2
Let o(g) = -4*g**2 - g + 2. Determine o(-2).
-12
Let g(n) = 3*n**2 - 1. What is g(4)?
47
Let a(d) = 6*d + 59. What is a(-7)?
17
Let u(q) = -q**2 - 19*q - 25. What is u(-17)?
9
Let v(i) = -5*i**2 + i - 1. Determine v(1).
-5
Let d(c) = -19*c + 426. Determine d(23).
-11
Let n(i) = 2*i**3 + 15*i**2 - 145*i - 17. Determine n(-13).
9
Let d(o) = 16*o - 24. Calculate d(16).
232
Let p(h) = 2*h**2 + 9*h - 8. Give p(-10).
102
Let f(g) = -g**2 - 4*g - 5. Calculate f(-10).
-65
Let k(t) = t**3 + 37*t**2 - 39*t - 32. Give k(-38).
6
Let w(z) = 2*z - 1. Calculate w(6).
11
Let o(l) = l**2 - 8*l - 24. Calculate o(10).
-4
Let r(k) = k**2 + 4*k + 2. Give r(5).
47
Let o(w) = w**3 - 12*w**2 + 4*w - 12. What is o(11)?
-89
Let n(i) = -10*i**2 - 2*i - 3. What is n(-4)?
-155
Let j(a) = 3*a + 30. Calculate j(6).
48
Let u(j) = j**3 + j**2 + 2*j + 83. Determine u(0).
83
Let w(t) = t**3 + 27*t**2 - 59*t - 35. Determine w(-29).
-6
Let d(i) = -i + 17. Give d(14).
3
Let u(v) = -3*v - 14. Determine u(4).
-26
Let g(a) = a**3 + 21*a**2 + 21*a + 26. Give g(-20).
6
Let t(d) = -d**3 + 10*d**2 - 5*d + 13. Give t(10).
-37
Let y(w) = -w - 1. What is y(2)?
-3
Let w(k) = -k**3 + 21*k**2 - 6*k - 12. Give w(21).
-138
Let l(z) = z**3 - 14*z**2 + 14*z + 19. Give l(13).
32
Let n(u) = -4*u**2 + 28*u - 9. Determine n(7).
-9
Let j(q) = -2*q**2 - 7*q + 72. Calculate j(-8).
0
Let q(n) = n**3 + 8*n**2 - 5*n + 5. Determine q(-9).
-31
Let t(z) = -z**3 + 13*z**2 - 17*z + 6. Calculate t(12).
-54
Let z(x) = -6*x + 30. Calculate z(5).
0
Let l(p) = 7*p**3 + p**2 + 2*p - 3. Give l(1).
7
Let d(o) = 3*o**2 - 15*o + 13. Calculate d(4).
1
Let z(w) = -5*w + 85. Determine z(18).
-5
Let t(q) = 5*q + 112. What is t(-23)?
-3
Let s(m) = 126*m**2 + 7*m + 7. Determine s(-1).
126
Let z(x) = 2*x**3 - x**2 - 3*x + 2. Determine z(2).
8
Let q(h) = h**2 + 4*h - 6. Calculate q(-4).
-6
Let m(d) = d**3 - d**2 + 6*d - 1. What is m(3)?
35
Let g(y) = -y**3 + 18*y**2 - 17*y - 13. Calculate g(17).
-13
Let b(g) = g + 8. Determine b(6).
14
Let w(q) = q**2 + 13*q + 26. Determine w(-8).
-14
Let h(v) = -v**2 - 14*v + 80. Determine h(-18).
8
Let l(x) = x**3 - 2*x**2 - 4*x + 5. Determine l(1).
0
Let h(m) = -m**3 + 2*m**2 + 3*m - 3. Determine h(2).
3
Let z(q) = q**3 - 13*q**2 - 19*q + 75. Give z(14).
5
Let w(z) = 21*z + 1401. Calculate w(-67).
-6
Let n(l) = l**3 + 5*l**2 + 4*l - 6. Give n(-4).
-6
Let l(u) = -u**2 - 10*u + 47. Calculate l(-13).
8
Let u(p) = -215*p - 427. Determine u(-2).
3
Let w(m) = -2*m**3 - 3*m**2 - m - 4. What is w(-3)?
26
Let s(n) = -38*n + 11. What is s(-4)?
163
Let k(j) = 3*j**3 - 22*j**2 - 45*j - 1. Give k(9).
-1
Let f(h) = -3*h**2 - 47*h + 6. What is f(-16)?
-10
Let r(k) = 16*k - 207. Give r(13).
1
Let n(w) = 9*w**2 - 6*w + 6. Give n(2).
30
Let x(p) = p**3 + 6*p**2 - 3*p - 9. Calculate x(-6).
9
Let q(j) = 2*j + 5. Give q(0).
5
Let h(l) = -3*l - 27. What is h(-10)?
3
Let x(h) = -h**2 - 20*h + 44. What is x(2)?
0
Let r(v) = -v - 21. Give r(-16).
-5
Let g(c) = -32*c + 621. What is g(19)?
13
Let n(l) = -2*l - 5. Give n(4).
-13
Let b(c) = -3*c - 32. Determine b(-6).
-14
Let k(r) = -r**2 - 40*r - 152. Calculate k(-4).
-8
Let x(b) = b**2 + 58*b + 744. Give x(-19).
3
Let u(x) = x**2 - 5*x + 2. Determine u(8).
26
Let p(x) = 12*x + 46. Determine p(-4).
-2
Let r(q) = q + 19. Calculate r(-19).
0
Let n(q) = q**3 - 8*q**2 + 9*q - 67. Calculate n(8).
5
Let r(b) = 4*b**2 + 4. Determine r(-3).
40
Let q(n) = 8*n**2 + n. Determine q(-2).
30
Let h(t) = 4*t**2 - 2*t - 15. What is h(-4)?
57
Let h(z) = 10*z + 2. Calculate h(1).
12
Let f(k) = -7*k**3 - 2*k**2 + 2*k - 1. Determine f(1).
-8
Let n(y) = y - 15. What is n(-6)?
-21